. Let h be (-14)/6 - -2 - (-2)/6. Let p be o(h). Suppose 168 = -a - i + 654, p*i - 1943 = -4*a. Is a a composite number?
True
Let j be ((-1491)/84)/((-306)/152 + 2). Suppose -j + 34691 = 6*b. Is b composite?
False
Suppose 8581 = 3*q - 2*i, -5*i + 0 = 10. Is q a composite number?
True
Let g = -43 + 46. Let d be 72/2 - (g + -2). Suppose -3175 = -d*z + 30*z. Is z a prime number?
False
Let p = -33730 + 260421. Is p composite?
False
Suppose 2*j + 2*f - 21 + 83 = 0, 4*j - f = -119. Let v = 15 + j. Let o(x) = -43*x + 14. Is o(v) composite?
False
Suppose 7*l = 17*l - 114128 - 1014732. Is l a prime number?
False
Let y(s) = s**3 - 10*s**2 + 12*s + 80. Let v be y(9). Suppose b + 5 = 0, 5*x - 3*b - 1252 = -v. Is x a composite number?
True
Suppose -568*t - 15851104 = -592*t + 1519880. Is t prime?
True
Suppose 3*u = -4*d + 873571, -5*u = 5*d - 415207 - 676763. Is d composite?
False
Let n(z) = 2823*z**3 + 2*z - 1. Suppose 7*k = -2*k + 9. Let q be n(k). Let f = q + -1233. Is f prime?
False
Suppose 23*g - 20*g = 6. Let q be ((-20)/8 + g)/((-2)/28). Suppose 2*p - q*p + 5210 = 0. Is p composite?
True
Let z(o) = -o**3 + 15*o**2 + 17*o + 5. Suppose -155 = 5*k + 5*b, 0*b - 4*b = 3*k + 89. Let h = k - -49. Is z(h) composite?
False
Suppose -13*l + 5*z + 26 = -14*l, 30 = -3*l - 3*z. Is (l/(-2))/(6/222) a prime number?
False
Let s(o) = -862*o + 1. Suppose -n = 0, -3*v = 3*n - 13 - 11. Suppose 0 = -19*w + 17*w - v. Is s(w) a prime number?
True
Let g(f) = 340*f**2 + 9*f + 65. Is g(-6) a composite number?
False
Let l(a) = 51*a - 6. Let y be l(6). Suppose 0*s = 7*s + 2*s - 12195. Let h = y + s. Is h composite?
True
Suppose 15*m + 2325708 = 27*m. Suppose -c - 96903 = -2*d, 4*d + 0*d - m = 5*c. Is d prime?
False
Is (6/18 - 5 - -5) + (-79744)/(-6) composite?
False
Suppose 26*i - 70*i = -120956. Is i composite?
False
Suppose 69*o = 70*o - 4612. Suppose -o = -4*q - 4*d + 6*d, 4*q - 4596 = -2*d. Is q prime?
True
Let k = -124 - -191. Suppose 365 = -9*w - k. Is -3 + w/(-20) - 11608/(-5) a prime number?
False
Let z be -1 - ((-323914)/(-18) - 22/99). Let f = -9333 - z. Is f composite?
False
Suppose 7937 = t + 2*c, 101*t - 15888 = 99*t + 3*c. Is t composite?
True
Is 50/(-75)*287491/(-2)*3 prime?
True
Suppose 8*z - 594160 - 138392 = 127504. Is z composite?
False
Suppose -11586 = -10*r - 81486. Let n = 19363 + r. Is n composite?
False
Let m(n) = -10*n**3 - 5*n**2 - 5*n + 2. Suppose 67 + 10 = -11*g. Let s(d) = 21*d**3 + 10*d**2 + 11*d - 5. Let v(h) = g*m(h) - 3*s(h). Is v(5) a prime number?
False
Let p be (2/(-8))/(27/(-108)) + -2. Is (6/(-12))/(5/186370*p) a composite number?
False
Suppose -6*i + 16*i = 10. Is i/4*-4 + 968 composite?
False
Let g(u) = -194*u - 5. Let i be -20*(-2 + 2/8). Let s = i + -39. Is g(s) a prime number?
False
Let m = -146 + 96. Is (m + 22)*(0 - (-1618)/(-8)) composite?
True
Suppose -2*d - 107657 = -5*l, -3*d - 268 = -265. Is l a composite number?
True
Let y(w) = 64*w**2 - w - 1. Let g be y(5). Suppose 0 = -6*d - 23*d - 29319. Let n = d + g. Is n a composite number?
True
Let d be (7 - 20)/((-1)/1003). Suppose 2*q + q = y - 4365, 3*y - d = -5*q. Is y composite?
True
Let m be (8/6)/(10/(-15)). Let x be (m/6)/(9/81). Is (4*5/60)/(x/(-8199)) prime?
True
Let y(d) = 2 - 5*d - 4*d + 7*d + d**3 - d**2. Let g be y(0). Suppose 306 = -3*m + 4*m - g*f, 2*m = -f + 632. Is m composite?
True
Let u = 61897 + -43933. Suppose 0 = -4*a - 4*z + u, -3*a - 8*z + 11*z + 13485 = 0. Is a prime?
True
Suppose 8*h = 6*h + x - 7, 2*h - 2*x + 12 = 0. Let n(u) = -16805*u + 6. Is n(h) a prime number?
True
Let q(d) = 117*d**3 - d**2 - 11*d - 17. Let c(a) = 21*a - 101. Let y be c(5). Is q(y) a prime number?
True
Let k = -1762 + 19305. Is k prime?
False
Let v = -109797 - -187048. Is v composite?
True
Let g = 23257 + -12698. Is g prime?
True
Let v(t) = 7151*t**2 + 362*t - 2412. Is v(7) prime?
True
Let y(g) = -4*g**3 + 15*g**2 + 19*g + 337. Is y(-20) composite?
False
Suppose n + 2*p + 2*p - 226239 = 0, -n = p - 226260. Is n a prime number?
True
Let c(n) = 5*n**3 + 29*n**2 - 7*n + 6. Let j be c(-6). Is -26*-15999*1/j*2 a composite number?
True
Suppose -354 = -5*a + 181. Suppose 4*s + 2*n = 210, 2*s + 2*n - a = 3*n. Is s a prime number?
True
Suppose 0 = -250*q + 253*q - 12. Suppose q*d - 246493 = 3*w, 0 = d - 5*w - 50585 - 11017. Is d prime?
True
Suppose -j = -4*q + 56742, 195*q = 196*q + 4*j - 14177. Is q composite?
True
Let b be (1/(-2))/((-10)/100). Suppose 0 = 4*u + 2*t - 1532, 0 = -b*u - t + 562 + 1350. Is u composite?
True
Suppose -2*g + 3*m = -1606, -65*g + 3*m - 3176 = -69*g. Is g a composite number?
False
Suppose -3*w + 1283981 = 4*z, -446*w = -444*w - 6. Is z composite?
True
Let l(g) = 912*g - 153. Is l(2) composite?
True
Suppose 31*y = 30*y - 72. Is (182616/y)/(1/(-3)) composite?
True
Let t(p) = -15*p - 183. Let y be t(-10). Let x(w) = -5*w + 214. Is x(y) composite?
False
Suppose 1 = q, -2*y + 3*q - 7809 = 2*q. Let n = -1509 - y. Is n prime?
False
Let z(m) = 6732*m - 961. Is z(31) a composite number?
True
Let o(z) = z**2 + 13*z - 22. Let p be o(-18). Let r = p - 5. Let c = 241 - r. Is c prime?
False
Suppose 0 = -5*p + 2*m - 38, 2*m - 8 = -2*p - 3*m. Is ((-4422)/12)/(p/12) prime?
False
Suppose w - 3*n - 85652 = 0, 3*n - 126799 - 44532 = -2*w. Is w a prime number?
True
Let z be -5 - 7/((-35)/90). Suppose -z*r = 4*r - 34. Is (r - (-12)/(-3)) + 4 + 1835 composite?
True
Suppose -6*u = -106 - 44. Suppose 5*f = u, -5*v = -4*f - 0 + 10. Suppose -3*w - 2*x = -7*w + 94, -2*w + 50 = -v*x. Is w prime?
False
Let i be (-1 - 626/6) + (-5)/(-15). Suppose 0 = h + 3*h + 208. Let t = h - i. Is t prime?
True
Let s be 4/(-14) + (-852)/(-42) + -4. Is (-8782)/(-3)*24/s a composite number?
False
Let p(m) = -891*m - 1483*m + 133*m. Let g be p(-1). Let z = g + -1540. Is z prime?
True
Let v = 296 + -276. Suppose -15547 = -v*k + 6633. Is k prime?
True
Suppose 51 = 3*r - 39. Let b(d) = -r + 22*d + 7*d - 1 + 22*d. Is b(18) composite?
False
Suppose 2*n - n = -1, 2*s + 4*n - 453502 = 0. Is s prime?
True
Let v = 13 - 34. Is (-19305)/(-63) + (-12)/v a prime number?
True
Suppose -3*o - 2*w + 758516 = 0, 74*o = 72*o + 5*w + 505709. Is o a prime number?
False
Is 146/(-30) + 5 + 64466/30 a composite number?
True
Let i(m) = 2*m**2 + 2. Let b be i(2). Let x(k) = 65*k + 25. Let h(t) = 129*t + 49. Let j(l) = 4*h(l) - 7*x(l). Is j(b) prime?
True
Let p(v) = 85*v**2 + 415*v + 157. Is p(-57) a prime number?
True
Let y = -1376423 - -2447836. Is y a composite number?
True
Let y(s) be the first derivative of 281*s**2/2 - 37*s + 4. Is y(4) composite?
False
Suppose -3*w - v + 39 = 0, 1 = w + 3*v - 4. Let a be (1/(-2))/(-1 + 7/w). Suppose 0 = o - a, -3*k + 16182 = 4*o - 1861. Is k prime?
False
Let t be (-651)/(-62)*8/7. Is (3 + (-5541)/t)/((-1)/4) a composite number?
True
Let b(m) = -m**3 - 19*m**2 - 5*m + 16. Let y be b(-17). Let v = 224 - y. Is v composite?
False
Suppose 8*r = 13*r - 4*k - 409077, 19*k = 3*r - 245413. Is r prime?
True
Let n(u) = 748*u**2 - 2*u - 7. Suppose -1 - 5 = -2*a, 5*d - a = -23. Is n(d) a composite number?
False
Suppose -22*h = -14*h + 8041 - 50385. Is h prime?
False
Suppose -4506099 = -36*g + 2301825. Is g a composite number?
True
Let z = -160 - -163. Suppose 0 = -h - 5*d + 563, -5*h + 2365 = z*d - 494. Is h composite?
True
Suppose -x - 13 = -14*x. Let a(d) = 5667*d**2 + 2. Is a(x) prime?
True
Let f(n) = -124*n - 10. Let b be f(3). Let g = b + 635. Suppose 0 = 6*x - g - 485. Is x a composite number?
True
Suppose 6 = 4*r - 3*k - 17, 4*k + 20 = 4*r. Suppose -2*j = -3*b + 155141, -7*b - j - 51713 = -r*b. Is b composite?
True
Is 11 - (-45444 + (-18)/9) prime?
False
Suppose 2*f + 21946 = -0*f. Suppose 0 = 261*d - 266*d - 31370. Let w = d - f. Is w prime?
False
Suppose 4 = -8*o + 12*o. Suppose -3*v - 15084 = -3*j, 2*v + o = 11. Is j a composite number?
True
Let y = -3 - -8. Let m be (-32)/176 - (10784/(-22) - 0). Suppose y*j = 5*u + 3*j - 1167, -2*u - 5*j = -m. Is u composite?
True
Let o(t) = t + 5. Let a(u) = -u - 8. Let d(f) = -5*a(f) - 7*o(f). Let c be d(3). Is -3*(-84 + 0) + (c - 0) prime?
True
Let n(t) = 156*t**2 + 24*t + 45. Let s be n(15). Let z = s - 21056. Is z composite?
False
Let o = -1516 - -2235. Suppose o = -5*c - 521. Let a = c - -1135. Is a prime?
True
Suppose 8*b = 2*b + 1601335 + 2391851. Is b a pr